{"id":5020,"date":"2025-02-04T12:48:46","date_gmt":"2025-02-04T12:48:46","guid":{"rendered":"http:\/\/harmonia.antiqua.si\/?post_type=ajde_events&#038;p=5020"},"modified":"2025-03-17T13:21:54","modified_gmt":"2025-03-17T13:21:54","slug":"stiri-flavte","status":"publish","type":"ajde_events","link":"https:\/\/hc.zrc-sazu.si\/?ajde_events=stiri-flavte","title":{"rendered":"Trio za sedem glasbenikov"},"content":{"rendered":"\n<p>Spregledana praksa francoske komorne glasbe s podvojenimi pre\u010dnimi flavtami<\/p>\n\n\n\n<p><em>Spored<\/em>: Michel de La Barre, Fran\u00e7ois Couperin, Pierre Danican Philidor, Joseph Bodin de Boismortier<\/p>\n\n\n\n<p><strong>Ansambel&nbsp;<em>musica cubicularis<\/em><\/strong><br>Anne Freitag, Eleonora Bi\u0161\u0107evi\u0107, Keiko Kino\u0161ita, Christine Rothe, baro\u010dne pre\u010dne flavte<br>Neo Gundermann, teorba<br>Domen Marin\u010di\u010d, viola da gamba<br>Toma\u017e Sev\u0161ek, \u010dembalo<\/p>\n\n\n\n<p><\/p>\n\n\n\n<p class=\"has-text-align-center has-colibri-color-7-color has-colibri-color-8-background-color has-text-color has-background has-link-color has-large-font-size wp-elements-f167488773cd27a75e64233d049e253e\"><strong><em><a href=\"https:\/\/www.entrio.si\/event\/trio-za-sedem-glasbenikov-harmonia-concertans-24194\">NAKUP VSTOPNIC<\/a><\/em><\/strong><\/p>\n\n\n<div class=\"wp-block-image\">\n<figure class=\"aligncenter size-full is-resized\"><img loading=\"lazy\" decoding=\"async\" width=\"240\" height=\"240\" src=\"https:\/\/hc.zrc-sazu.si\/wp-content\/uploads\/2025\/02\/image-3.png\" alt=\"\" class=\"wp-image-5757\" style=\"width:150px;height:auto\" srcset=\"https:\/\/hc.zrc-sazu.si\/wp-content\/uploads\/2025\/02\/image-3.png 240w, https:\/\/hc.zrc-sazu.si\/wp-content\/uploads\/2025\/02\/image-3-150x150.png 150w\" sizes=\"auto, (max-width: 240px) 100vw, 240px\" \/><\/figure>\n<\/div>","protected":false},"author":1,"featured_media":0,"menu_order":0,"comment_status":"closed","ping_status":"closed","template":"","meta":[],"tags":[],"event_type":[],"event_type_2":[],"class_list":["post-5020","ajde_events","type-ajde_events","status-publish","hentry","event_location-atrij-zrc"],"_links":{"self":[{"href":"https:\/\/hc.zrc-sazu.si\/index.php?rest_route=\/wp\/v2\/ajde_events\/5020","targetHints":{"allow":["GET"]}}],"collection":[{"href":"https:\/\/hc.zrc-sazu.si\/index.php?rest_route=\/wp\/v2\/ajde_events"}],"about":[{"href":"https:\/\/hc.zrc-sazu.si\/index.php?rest_route=\/wp\/v2\/types\/ajde_events"}],"author":[{"embeddable":true,"href":"https:\/\/hc.zrc-sazu.si\/index.php?rest_route=\/wp\/v2\/users\/1"}],"replies":[{"embeddable":true,"href":"https:\/\/hc.zrc-sazu.si\/index.php?rest_route=%2Fwp%2Fv2%2Fcomments&post=5020"}],"wp:attachment":[{"href":"https:\/\/hc.zrc-sazu.si\/index.php?rest_route=%2Fwp%2Fv2%2Fmedia&parent=5020"}],"wp:term":[{"taxonomy":"post_tag","embeddable":true,"href":"https:\/\/hc.zrc-sazu.si\/index.php?rest_route=%2Fwp%2Fv2%2Ftags&post=5020"},{"taxonomy":"event_type","embeddable":true,"href":"https:\/\/hc.zrc-sazu.si\/index.php?rest_route=%2Fwp%2Fv2%2Fevent_type&post=5020"},{"taxonomy":"event_type_2","embeddable":true,"href":"https:\/\/hc.zrc-sazu.si\/index.php?rest_route=%2Fwp%2Fv2%2Fevent_type_2&post=5020"}],"curies":[{"name":"wp","href":"https:\/\/api.w.org\/{rel}","templated":true}]}}

<p>Spregledana praksa francoske komorne glasbe s podvojenimi prečnimi flavtami</p>



<p><em>Spored</em>: Michel de La Barre, François Couperin, Pierre Danican Philidor, Joseph Bodin de Boismortier</p>



<p><strong>Ansambel&nbsp;<em>musica cubicularis</em></strong><br>Anne Freitag, Eleonora Bišćević, Keiko Kinošita, Christine Rothe, baročne prečne flavte<br>Neo Gundermann, teorba<br>Domen Marinčič, viola da gamba<br>Tomaž Sevšek, čembalo</p>



<p></p>



<p class="has-text-align-center has-colibri-color-7-color has-colibri-color-8-background-color has-text-color has-background has-link-color has-large-font-size wp-elements-f167488773cd27a75e64233d049e253e"><strong><em><a href="https://www.entrio.si/event/trio-za-sedem-glasbenikov-harmonia-concertans-24194">NAKUP VSTOPNIC</a></em></strong></p>


<div class="wp-block-image">
<figure class="aligncenter size-full is-resized"><img loading="lazy" decoding="async" width="240" height="240" src="https://hc.zrc-sazu.si/wp-content/uploads/2025/02/image-3.png" alt="" class="wp-image-5757" style="width:150px;height:auto" srcset="https://hc.zrc-sazu.si/wp-content/uploads/2025/02/image-3.png 240w, https://hc.zrc-sazu.si/wp-content/uploads/2025/02/image-3-150x150.png 150w" sizes="auto, (max-width: 240px) 100vw, 240px" /></figure>
</div>
